) to base 5.
21103142
Convert 111203000 (base 4) to base 3.
11111001202
What is -41010000 (base 6) in base 4?
-10131011100
Convert 13231323 (base 4) to base 9.
47323
-a2235 (base 12) to base 14
-56d3b
-245602546 (base 7) to base 15
-1566a51
Convert 33585851 (base 9) to base 6.
1341133114
-6130542 (base 7) to base 9
-1332550
Convert -eed54 (base 15) to base 10.
-759004
What is -6b868 (base 14) in base 16?
-400c4
Convert -300454032 (base 6) to base 5.
-2244433231
Convert -4477305 (base 8) to base 11.
-758740
55008 (base 12) to base 7
645326
Convert -3342001 (base 5) to base 11.
-40368
-107263 (base 9) to base 5
-4024441
1acb8b8 (base 13) to base 5
4240030031
Convert 3796 (base 12) to base 15.
1d06
What is 24243144 (base 5) in base 12?
aba98
Convert 44641 (base 12) to base 7.
525430
Convert -405343 (base 8) to base 9.
-223552
b5ba63 (base 12) to base 6
141155003
Convert -20cda (base 16) to base 14.
-36d74
What is -3ed26a (base 15) in base 9?
-5630141
-aa87a (base 16) to base 8
-2524172
Convert 20075a (base 13) to base 10.
743844
What is 1241a9 (base 11) in base 2?
101111110100111001
What is -2333211314 (base 5) in base 8?
-24361273
-3066453 (base 7) to base 12
-159ab9
Convert 858378 (base 9) to base 12.
207abb
What is -5cb5b (base 13) in base 9?
-280635
Convert -1320220040 (base 5) to base 3.
-20012002100022
What is a90a581 (base 11) in base 6?
1523024001
What is 14662653 (base 7) in base 9?
2578636
-14646160 (base 7) to base 4
-11113130032
1a5b533 (base 12) to base 2
10101010110101000110111
What is -120000221112021 (base 3) in base 13?
-1869b59
What is -11001101000111 (base 2) in base 4?
-3031013
-54c441 (base 14) to base 3
-12102010220000
What is -171202 (base 8) in base 2?
-1111001010000010
What is 33181 (base 9) in base 4?
11120020
Convert 3f653 (base 16) to base 10.
259667
-2046063 (base 8) to base 12
-222843
What is -233033343 (base 5) in base 14?
-1da0c8
1010111111010000010 (base 2) to base 4
1113322002
Convert 1413404324 (base 5) to base 10.
3653714
What is -1135137 (base 10) in base 2?
-100010101001000100001
What is -1249757 (base 10) in base 15?
-19a472
Convert f796 (base 16) to base 6.
1205234
What is -10405274 (base 8) in base 14?
-421072
What is -1b17a7 (base 13) in base 2?
-10101000001101010101
-402857 (base 10) to base 9
-673548
Convert 1031131430 (base 6) to base 9.
22578460
What is -658a932 (base 11) in base 9?
-23677734
Convert 12220012012 (base 3) to base 8.
342523
What is -3403325 (base 6) in base 16?
-29f45
What is -853776 (base 15) in base 3?
-102221002202110
1447769 (base 11) to base 5
1114001233
Convert -11122030 (base 4) to base 16.
-568c
What is -629896 (base 15) in base 16?
-478f98
What is 42221455 (base 8) in base 13?
1b28a14
-12304022 (base 7) to base 13
-2cb6b8
-962877 (base 11) to base 12
-623963
Convert 4cbda7 (base 14) to base 10.
2645167
What is d6a246 (base 14) in base 12?
25177b2
What is 675b8 (base 13) in base 9?
315471
Convert 4431140 (base 6) to base 16.
362c4
Convert d73b2 (base 16) to base 2.
11010111001110110010
13734 (base 9) to base 2
10010010000010
-1000001101101001100 (base 2) to base 14
-7011a
What is 10000010110100000000011 (base 2) in base 7?
51301663
-340b6 (base 13) to base 8
-270634
80705 (base 12) to base 2
101000101111110101
Convert -794102 (base 13) to base 14.
-548191
Convert 20012211001 (base 3) to base 10.
122338
Convert 20212020212 (base 3) to base 4.
200332022
Convert 258568 (base 13) to base 3.
1200220220201
What is -3608737 (base 10) in base 11?
-2045330
-533742 (base 9) to base 6
-10450532
Convert 2883098 (base 12) to base 7.
126064511
What is -335541 (base 7) in base 6?
-1135553
-1058953 (base 13) to base 16
-4c1f6b
What is 256135 (base 7) in base 15?
e237
-162323 (base 8) to base 10
-58579
What is -883bb (base 12) in base 10?
-180287
What is 1101101011100111010001 (base 2) in base 15?
4aca0d
Convert 686926 (base 11) to base 15.
168aac
What is -2195a8 (base 16) in base 13?
-5c0a89
1110000011101110 (base 2) to base 4
32003232
What is -232130332 (base 4) in base 10?
-190270
Convert -1100001010100101 (base 2) to base 12.
-24a05
Convert -96b97b (base 15) to base 5.
-3314134031
What is 1103516 (base 7) in base 2?
100001001000111111
What is 9795 (base 13) in base 14?
7978
2201012000 (base 3) to base 5
3201402
Convert -12d5922 (base 14) to base 5.
-4313320411
What is 10053616 (base 7) in base 3?
1120111222201
What is 213101 (base 4) in base 5?
40023
-2223544 (base 6) to base 8
-333270
What is 160742 (base 10) in base 8?
471746
-20013310322 (base 4) to base 7
-24045416
de7bc (base 15) to base 14
1459b1
4a2470 (base 11) to base 3
1111022221101
Convert -111066 (base 9) to base 15.
-14a19
Convert a3b446 (base 13) to base 6.
213541242
-ca4c3 (base 13) to base 4
-1121033201
2021043 (base 5) to base 10
32648
What is 11001001000100111000 (base 2) in base 7?
10000122
Convert -59c191 (base 13) to base 12.
-872631
Convert -127683 (base 10) to base 14.
-34763
-3232110121 (base 4) to base 14
-1b5a53
Convert 4133274 (base 8) to base 12.
449a78
What is 124441113 (base 5) in base 9?
1151625
6932a (base 16) to base 13
121185
Convert -193d27 (base 16) to base 4.
-12103310213
-1001011120200 (base 3) to base 5
-120220323
What is 147839 (base 11) in base 3?
102200102101
What is -1029074 (base 12) in base 5?
-1234334341
-569666 (base 11) to base 5
-212442003
Convert -305035 (base 8) to base 5.
-11212033
10011110011100 (base 2) to base 11
7689
Convert 66506 (base 7) to base 9.
24832
What is -456c (base 16) in base 4?
-10111230
279a96a (base 11) to base 6
251123351
What is 74bb20 (base 14) in base 9?
7381427
Convert 2331332 (base 4) to base 14.
4606
What is 2223212222 (base 4) in base 16?
ab9aa
166416333 (base 7) to base 5
10414440221
What is 2a295 (base 13) in base 4?
103123000
Convert -947828 (base 10) to base 16.
-e7674
-101dc7 (base 14) to base 10
-543291
What is -343242 (base 8) in base 13?
-40c8a
Convert -62045 (base 8) to base 7.
-134513
What is 17a33b (base 15) in base 11?
714757
What is -66283 (base 9) in base 3?
-2020022210
Convert -10111011111100101001 (base 2) to base 6.
-24300013
What is 30351351 (base 6) in base 9?
1565334
What is 296e78 (base 16) in base 3?
12002221122001
What is 2304202300 (base 5) in base 2?
10011101000101001000000
Convert 1aa23 (base 11) to base 13.
10391
Convert 166aa1 (base 11) to base 6.
5311220
110011000110100101110 (base 2) to base 13
46826c
What is -5a67176 (base 11) in base 12?
-3656496
What is -1131003 (base 6) in base 14?
-17495
41325331 (base 6) to base 4
10203120313
What is 23246f (base 16) in base 12?
93097b
Convert 31d52b (base 16) to base 9.
6126785
What is -14548 (base 11) in base 4?
-11002032
What is -5321631 (base 7) in base 12?
-270913
3123311303 (base 4) to base 8
3336563
What is 100111100110111111 (base 2) in base 16?
279bf
Convert 4552438 (base 11) to base 2.
11110011001010010010011
701990 (base 15) to base 6
310015000
-3a2369 (base 12) to base 6
-32310213
What is -102351263 (base 7) in base 4?
-113020032203
What is -122509 (base 10) in base 4?
-131322031
258a24 (base 13) to base 12
377667
4633d3 (base 14) to base 2
1001000111101100001101
What is -374605 (base 8) in base 5?
-13120123
What is -3a4292 (base 11) in base 13?
-19319b
1110110111101011 (base 2) to base 9
102484
-301051234 (base 6) to base 4
-103123033012
What is -100022000 (base 3) in base 12?
-3b09
Convert 361473 (base 12) to base 9.
1570846
-1010010101110110 (base 2) to base 12
-2061a
115aa9 (base 12) to base 16
444e1
What is 3051404 (base 6) in base 7?
1151011
What is 1024404400 (base 5) in base 7?
24400122
1212011011 (base 3) to base 4
20323102
-141201303 (base 5) to base 7
-6110203
What is -2300311122 (base 5) in base 16?
-4da41f
-624b8 (base 13) to base 16
-2b1cb
What is 200022010010201 (base 3) in base 2?
100101000110011011111001
Convert -10111111100011111010 (base 2) to base 4.
-2333203322
Convert -11636342 (base 7) to base 11.
-658a94
-543533324 (base 6) to base 7
-145313524
What is -56b4d (base 14) in base 8?
-633521
-132223100323 (base 4) to base 2
-11110101011010000111011
232003012 (base 4) to base 5
22013424
What is 270557 (base 8) in base 7?
542505
What is 175131 (base 8) in base 15?
13ec9
-6640999 (base 11) to base 14
-179586d
Convert 67611 (base 13) to base 4.
231311331
Convert 